-1)/(-2))/(((-85)/(-250))/17). Calculate the highest common factor of q and 125.
25
Let i(m) = -3*m - 26. Let f be i(-13). Let y = 114 + -62. What is the greatest common factor of f and y?
13
Suppose -3*g + 3*w = -123, -3*g = -g + 5*w - 89. Suppose 2*h - 2*l + 3 - 31 = 0, 2*h - g = -5*l. What is the greatest common factor of h and 48?
16
Let z be (((-14)/(-35))/1)/(1/40). Let n(a) = 4*a**2 - a + 2. Let l be n(2). What is the highest common factor of z and l?
16
Let h(n) = 10*n**2 + 3*n + 11. Let k be h(-2). Calculate the highest common divisor of 60 and k.
15
Let f be (4/10)/((-7)/(-770)). Calculate the highest common divisor of 11 and f.
11
Let p be ((0 + 0)*1)/(-2). Suppose -g + 6*g - 15 = p. Calculate the greatest common divisor of g and 2.
1
Suppose 7*d + 5*a + 10 = 2*d, 15 = -3*a. Suppose -4*q + 5 = -d. Let h be 2 + 2/q + 15. Calculate the greatest common divisor of 36 and h.
18
Let g(r) = -2*r + 9. Suppose 3 = -a - 4. Let l be g(a). What is the greatest common divisor of 69 and l?
23
Suppose 0 = -3*a + 2*q + 1009, -4*q = a - 49 - 264. What is the greatest common factor of a and 37?
37
Suppose 10 + 29 = y. What is the greatest common factor of 13 and y?
13
Let x be (-1)/(763/191 - 4). Suppose -4*w + 3*b = -x, 2*w + 5*b = 3*w - 35. Calculate the highest common divisor of 10 and w.
10
Suppose -4*g + 7*g + 28 = -4*y, -2*g - 3*y = 19. Let n = g - -14. What is the greatest common factor of 12 and n?
6
Let y(t) = -t**2 + t - 4. Let p be y(0). Let b be (-305)/p + 11/(-44). What is the greatest common divisor of b and 19?
19
Let n(d) = 2*d**2 + 3. Let w be n(-6). Let x = -192 + 222. What is the highest common factor of x and w?
15
Suppose 3*l = 4 + 2. What is the greatest common factor of l and 5?
1
Let k = 6 - 4. Suppose p - 2*g = 24, -3*p + 4*g = -k*p - 32. Calculate the highest common factor of p and 2.
2
Let p(q) = -q + 9. Let a = -10 + 17. Let s be p(a). What is the highest common factor of s and 20?
2
Let s be 9/2*100/(-15). Let h = -5 - s. What is the highest common factor of 25 and h?
25
Suppose g = 2*g - 46. Suppose -5*h + g = l, 0 = -l - h + 56 - 18. Calculate the highest common divisor of 4 and l.
4
Let q(s) = 6*s - 3 - s**2 + 5*s**2 - 2. Let u be q(-5). Let x(g) = -g**2 + 15*g - 43. Let j be x(8). Calculate the greatest common divisor of u and j.
13
Suppose 0*u + 2*u - 20 = 0. Suppose 5*y - 55 = 10. Let i = 23 - y. What is the highest common factor of u and i?
10
Let v = -2 + 4. Suppose 3 = -v*h + 9. What is the highest common factor of h and 27?
3
Let w(m) = -m**2 - 15*m - 35. Let s be w(-10). Calculate the greatest common factor of s and 20.
5
Suppose m = -i + 9, 0*m + 4 = m. Calculate the highest common divisor of i and 15.
5
Let t be 3/(-3) + 1*2. Let u(d) = d + 6. Let r be u(-3). Suppose -4 = -r*i + 2. Calculate the highest common factor of t and i.
1
Suppose -3*g + 42 = -93. What is the greatest common factor of 5 and g?
5
Suppose -39 = n + y - 12, -4*n - 93 = y. Let b be n*(-3 + (-10)/(-4)). What is the greatest common divisor of b and 88?
11
Let g(l) = 6*l - 4. Let q be g(4). What is the greatest common factor of 8 and q?
4
Let j(x) = 6*x**2 + 1. Let s be j(1). Let l(m) = -m**3 - 3*m**2 + m + 2. Let n be l(-4). Calculate the highest common divisor of s and n.
7
Suppose 96 - 92 = t. Calculate the greatest common factor of 4 and t.
4
Suppose -49 = -3*d + 5*h - 10*h, -2*d + 3*h + 1 = 0. What is the highest common factor of 40 and d?
8
Suppose 4*z - 30 = 3*a + 12, -5*z + 62 = a. Calculate the greatest common factor of z and 8.
4
Let o = 187 + -103. Suppose k = -3*w + 48, 3*k - o = 4*w - w. What is the greatest common divisor of k and 11?
11
Let y(f) = -11*f - 14. Let s be y(-10). What is the highest common factor of s and 12?
12
Suppose 3*z + g - 3 = 2, -5*g = 3*z - 13. Let h = 29 - 18. Let d = -6 + h. Calculate the greatest common divisor of d and z.
1
Suppose -36 = 14*p - 32*p. Suppose 3*x + 6 = 5*x. What is the highest common factor of x and p?
1
Suppose 28 = 9*t - 7*t + 3*f, -5*t + 24 = -4*f. Let w(a) = -a**3 - 2*a**2 + 2*a + 1. Let o be w(-3). What is the highest common factor of t and o?
4
Suppose 2*c - 2 = 0, 0 = -4*p - 5*c + c + 36. What is the highest common factor of p and 8?
8
Let a = -10 + 12. Suppose 3*q = -a*q + 20. Calculate the greatest common factor of 1 and q.
1
Let v(x) = -1. Let g(y) = y - 2. Let j(h) = -6*g(h) + 11*v(h). Let i be j(-1). Calculate the highest common factor of i and 56.
7
Suppose o = 2*o - 16. What is the greatest common factor of 16 and o?
16
Suppose -20 = -5*n + 75. Calculate the highest common factor of 19 and n.
19
Suppose -4*o + 244 = 4*f, f - 65 = -6*o + o. Let b be 74/(0 + 1 + -3). Let i = 57 + b. Calculate the greatest common factor of f and i.
20
Let o(k) = k**3 - 7*k**2 - 9*k + 12. Let q be o(8). Let g(c) = -2*c + 6*c - c - 2 + 0*c. Let l be g(q). Calculate the highest common factor of 25 and l.
5
Let y be (6*(-4)/20)/(6/(-100)). What is the highest common factor of y and 50?
10
Let i(q) = 52*q - 3. Let o be 12/(-8)*32/(-6). Let k = o - 5. Let t be i(k). What is the greatest common factor of t and 17?
17
Let l(c) = c**3 + 7*c**2 - 7*c - 8. Let x be l(-6). Calculate the highest common factor of x and 20.
10
Suppose 0 = 3*v - 5*y - 77, 2*v - y + 39 = 3*v. Let n = -20 + v. What is the greatest common factor of n and 2?
2
Let c = -18 - -54. Calculate the highest common factor of c and 9.
9
Let c be 45/2*8/10. Suppose 3*v + 7 + 5 = 0. Let i be (-143)/(-2) - 2/v. Calculate the greatest common divisor of c and i.
18
Suppose 16 = -0*z + 2*z. Calculate the greatest common divisor of z and 6.
2
Let v be (-9 + 129)*2/4. Suppose -3*q + 117 = 3*p, 195 = 4*p - 2*q + 57. Let f = p + -21. Calculate the highest common factor of f and v.
15
Suppose 4*n - 192 = -2*a, 0 = 3*a - n - 107 - 195. What is the greatest common divisor of 40 and a?
20
Let i(o) = o - 17. Let g be i(19). Calculate the greatest common factor of 32 and g.
2
Let n be (12/(-4))/(6/(-10)). Calculate the greatest common divisor of n and 55.
5
Let h be (-40)/(-2)*(2 + 0). Let o = -13 - -18. Suppose -o*n - 2*v = -0*n - 44, -v - 43 = -4*n. What is the greatest common factor of n and h?
10
Let r be ((-2)/(-3))/((-6)/(-405)). What is the greatest common divisor of r and 180?
45
Let k(b) = 2 - 8*b - b**2 - 4*b + 3*b + 0*b**2. Let p = 7 + -14. Let f be k(p). Calculate the greatest common divisor of 64 and f.
16
Let d(w) = 43*w**2 - w. Let q be d(1). Let f(s) = -14*s. Let l = 6 + -7. Let h be f(l). What is the highest common divisor of h and q?
14
Let z(i) = -4*i**3 + i**2 + 4*i + 2. Let l be z(-2). What is the greatest common factor of 75 and l?
15
Suppose p + 0*p - 95 = 0. Suppose -5*n + 4*f - 20 - p = 0, 53 = -2*n + 3*f. Let x = -11 - n. Calculate the highest common factor of x and 64.
8
Let l(a) = -a + 2 + 1 - 4. Let p be l(0). Let v(r) = r**2 + r + 1. Let h be v(p). What is the highest common factor of 4 and h?
1
Let r(o) = o + 16. Let l be r(0). Suppose -4*m + 234 = -2*m. Let g = m + -5. Calculate the greatest common factor of g and l.
16
Suppose -7*o + 2*o + 30 = 0. Let p be (-37)/(-3) + 1/(-3). Let j(x) = x**2 - 12*x + 3. Let t be j(p). What is the highest common divisor of o and t?
3
Suppose -5*f = -5*h + 355 - 30, f + 5 = 0. Calculate the greatest common factor of h and 20.
20
Suppose m = -m + 32. What is the greatest common divisor of 2 and m?
2
Suppose 0 = 5*y + 3*n + 2*n - 70, 2*y - 2*n - 36 = 0. Let j(w) = -1 - w**2 + 1 - 5 - 1 - 11*w. Let c be j(-6). What is the greatest common factor of y and c?
8
Let k be (-104)/(-1 - (-1 - -1)). Let c(z) = -2*z. Let p be c(-6). Suppose -5*u - p = -77. Calculate the greatest common factor of k and u.
13
Let g(d) be the first derivative of d**4/4 + 8*d**3/3 - d**2/2 - 4*d + 2. Let h be g(-8). Let c be 24/(3/4*2). What is the highest common factor of c and h?
4
Suppose 2 = k - 6. Let u = 9 + 11. Calculate the greatest common divisor of u and k.
4
Let w(f) = 15*f**2 - 1. Let t be w(1). Let m(y) = -3*y. Let c be m(-2). Suppose -4*z - 70 = -c*z. What is the greatest common divisor of t and z?
7
Let f be 6/(-15) - (-27)/5. What is the highest common factor of f and 5?
5
Let k be 10 + -1*(-1 - -2). Let h(z) = z**2 - z + 3. Let y = 9 - 15. Let t be h(y). What is the greatest common divisor of k and